36390?
1
What is the thousands digit of 3142377?
2
What is the units digit of 1577011?
1
What is the millions digit of 1848615?
1
What is the hundred thousands digit of 17168460?
1
What is the ten thousands digit of 172935?
7
What is the hundred thousands digit of 260557?
2
What is the thousands digit of 80588?
0
What is the ten thousands digit of 1264728?
6
What is the ten thousands digit of 1418192?
1
What is the hundreds digit of 122627?
6
What is the millions digit of 10523316?
0
What is the tens digit of 2476201?
0
What is the tens digit of 3208163?
6
What is the thousands digit of 199734?
9
What is the hundreds digit of 4124?
1
What is the units digit of 2201042?
2
What is the hundreds digit of 3929130?
1
What is the hundred thousands digit of 393500?
3
What is the hundreds digit of 208884?
8
What is the ten thousands digit of 2202138?
0
What is the hundreds digit of 3682052?
0
What is the hundred thousands digit of 661804?
6
What is the units digit of 13911738?
8
What is the ten thousands digit of 2891974?
9
What is the ten thousands digit of 51724?
5
What is the millions digit of 3226097?
3
What is the tens digit of 1502647?
4
What is the units digit of 32307924?
4
What is the thousands digit of 7160119?
0
What is the hundreds digit of 4298?
2
What is the hundred thousands digit of 5177549?
1
What is the hundred thousands digit of 613571?
6
What is the units digit of 6073823?
3
What is the hundreds digit of 11329009?
0
What is the thousands digit of 247281?
7
What is the hundred thousands digit of 921338?
9
What is the tens digit of 200580?
8
What is the thousands digit of 4731265?
1
What is the hundreds digit of 1320509?
5
What is the hundred thousands digit of 288749?
2
What is the tens digit of 22639061?
6
What is the ten thousands digit of 7996466?
9
What is the ten thousands digit of 5645067?
4
What is the units digit of 1059464?
4
What is the hundred thousands digit of 3750629?
7
What is the hundreds digit of 2295915?
9
What is the hundreds digit of 436927?
9
What is the hundred thousands digit of 207093?
2
What is the hundred thousands digit of 108148?
1
What is the hundreds digit of 1856732?
7
What is the hundred thousands digit of 127219?
1
What is the hundreds digit of 95957?
9
What is the units digit of 39491?
1
What is the units digit of 35798008?
8
What is the tens digit of 1158113?
1
What is the hundred thousands digit of 19124991?
1
What is the ten thousands digit of 949068?
4
What is the hundred thousands digit of 143522?
1
What is the thousands digit of 229052?
9
What is the millions digit of 2807499?
2
What is the tens digit of 11810461?
6
What is the ten thousands digit of 9863598?
6
What is the thousands digit of 2863193?
3
What is the thousands digit of 137709?
7
What is the thousands digit of 300896?
0
What is the ten thousands digit of 223923?
2
What is the millions digit of 13142562?
3
What is the thousands digit of 422694?
2
What is the tens digit of 239514?
1
What is the tens digit of 378715?
1
What is the tens digit of 4867584?
8
What is the units digit of 5092943?
3
What is the hundreds digit of 24348571?
5
What is the hundreds digit of 7359854?
8
What is the units digit of 4590873?
3
What is the thousands digit of 112776?
2
What is the tens digit of 92703?
0
What is the ten thousands digit of 258841?
5
What is the units digit of 5076322?
2
What is the tens digit of 1198015?
1
What is the hundreds digit of 32102963?
9
What is the hundreds digit of 302076?
0
What is the units digit of 187386?
6
What is the millions digit of 2995443?
2
What is the tens digit of 30403398?
9
What is the hundred thousands digit of 245560?
2
What is the ten thousands digit of 150619?
5
What is the millions digit of 3694417?
3
What is the ten thousands digit of 17536498?
3
What is the units digit of 128016?
6
What is the hundred thousands digit of 1522512?
5
What is the units digit of 247327?
7
What is the ten thousands digit of 39080?
3
What is the thousands digit of 556714?
6
What is the ten thousands digit of 15340985?
4
What is the ten thousands digit of 69458?
6
What is the millions digit of 2938169?
2
What is the hundreds digit of 3693101?
1
What is the hundred thousands digit of 1149301?
1
What is the tens digit of 157432?
3
What is the hundreds digit of 123668?
6
What is the ten thousands digit of 1445644?
4
What is the tens digit of 6275489?
8
What is the units digit of 123148?
8
What is the hundreds digit of 502929?
9
What is the ten thousands digit of 229951?
2
What is the units digit of 647394?
4
What is the hundred thousands digit of 3119531?
1
What is the hundreds digit of 20413483?
4
What is the ten thousands digit of 54455?
5
What is the hundreds digit of 1784688?
6
What is the units digit of 391009?
9
What is the hundred thousands digit of 7944586?
9
What is the hundreds digit of 397130?
1
What is the thousands digit of 456892?
6
What is the ten thousands digit of 6526091?
2
What is the units digit of 67685?
5
What is the units digit of 7242797?
7
What is the hundred thousands digit of 226184?
2
What is the millions digit of 17451017?
7
What is the thousands digit of 1299787?
9
What is the tens digit of 185022?
2
What is the hundred thousands digit of 22057995?
0
What is the units digit of 221231?
1
What is the hundreds digit of 7585456?
4
What is the units digit of 1038190?
0
What is the tens digit of 189953?
5
What is the millions digit of 6619735?
6
What is the ten thousands digit of 5491210?
9
What is the hundred thousands digit of 4136742?
1
What is the units digit of 3867900?
0
What is the thousands digit of 137319?
7
What is the units digit of 5309434?
4
What is the hundreds digit of 41233?
2
What is the hundreds digit of 241169?
1
What is the hundred thousands digit of 219877?
2
What is the thousands digit of 3897188?
7
What is the thousands digit of 345246?
5
What is the tens digit of 2035985?
8
What is the hundreds digit of 25513424?
4
What is the ten thousands digit of 1332023?
3
What is the thousands digit of 1002835?
2
What is the ten thousands digit of 14764614?
6
What is the hundred thousands digit of 14669276?
6
What is the ten thousands digit of 2618082?
1
What is the millions digit of 1323044?
1
What is the thousands digit of 10043214?
3
What is the units digit of 993181?
1
What is the hundreds digit of 7558147?
1
What is the hundred thousands digit of 801033?
8
What is the millions digit of 2260367?
2
What is the hundred thousands digit of 580484?
5
What is the hundreds digit of 26607327?
3
What is the hundreds digit of 19306705?
7
What is the units digit of 2209473?
3
What is the tens digit of 3289?
8
What is the units digit of 84432?
2
What is the hundred thousands digit of 694020?
6
What is the ten thousands digit of 92339?
9
What is the hundred thousands digit of 9959055?
9
What is the tens digit of 3522434?
3
What is the units digit of 73533?
3
What is the hundreds digit of 940517?
5
What is the thousands digit of 2058185?
8
What is the hundred thousands digit of 10531998?
5
What is the hundred thousands digit of 6865900?
8
What is the millions digit of 1230067?
1
What is the thousands digit of 2024661?
4
What is the thousands digit of 2027547?
7
What is the hundred thousands digit of 14625753?
6
What is the thousands digit of 694261?
4
What is the ten thousands digit of 483125?
8
What is the tens digit of 1104634?
3
What is the units digit of 324076?
6
What is the units digit of 3507853?
3
What is the ten thousands digit of 668773?
6
What is the ten thousands digit of 612619?
1
What is the millions digit of 4657686?
4
What is the ten thousands digit of 56818?
5
What is the millions digit of 2283888?
2
What is the thousands digit of 1107332?
7
What is the hundreds digit of 2262245?
2
What is the units digit of 7028325?
5
What is the hundreds digit of 548136?
1
What is the ten thousands digit of 1050314?
5
What is the thousands digit of 643060?
3
What is the hundreds digit of 60195?
1
What is the ten thousands digit of 126022?
2
What is the ten thousands digit of 4083896?
8
What is the units digit of 10298205?
5
What is the tens digit of 187840?
4
What is the units digit of 192042?
2
What is the units digit of 8405030?
0
What is the tens digit of 456721?
2
What is the millions digit of 4